/l + (-39)/v?
2, 5
Let i be (-20)/(-8) + (-1)/(-2). Let x(g) = g**3 - 2*g**2 + g - 2. What are the prime factors of x(i)?
2, 5
Let f = 64 + -5. List the prime factors of f.
59
Let f(t) = -6*t + 2*t - 4 + t + 4*t. What are the prime factors of f(13)?
3
Let z be 1 - -3*(-1 - -2). Let x be z*1 - 5/(-5). Suppose -4 = -x*j + 51. What are the prime factors of j?
11
Let n(i) = i + 1. Let a(c) = -5*c - 5. Let q(r) = 4*a(r) + 15*n(r). List the prime factors of q(-4).
3, 5
Suppose 2*k = -0*k + 48. What are the prime factors of k?
2, 3
Suppose 0*x + 5*r - 34 = -x, -x + 50 = r. Suppose 145 = 5*u - 2*p + 56, -p - x = -3*u. What are the prime factors of u?
19
Let w = 12 + -7. Let g(b) = b**3 - 6*b**2 + 5*b - 3. Let t be g(w). Let i = t - -13. What are the prime factors of i?
2, 5
Suppose 0*j + j - 4 = 0. List the prime factors of j.
2
Let w be (-2 - 0) + -1 + -42. Let p = w + 77. Suppose p = y + y. List the prime factors of y.
2
Suppose -a = 4*a - 105. Let d(z) = 2*z**3 - 4*z**2 + 3*z - 2. Let f be d(2). Suppose 0 = -s + f*s + j - a, 4*j = -12. What are the prime factors of s?
2
Let l = 7 + -4. Suppose -l*p + 33 = -0*p. What are the prime factors of p?
11
Let p(y) = -y**2 - 7*y + 4. What are the prime factors of p(-6)?
2, 5
Suppose -4*n + 30 = y + 13, 0 = 2*y + 5*n - 31. What are the prime factors of y?
13
Let w(a) = 13*a**3 - a**2. Let b be w(-1). Suppose -3*i - 82 = -m, i - 2*m = 3*m - 46. Let f = b - i. List the prime factors of f.
2, 3
Suppose 5*h = 8*d - 3*d + 100, -44 = -2*h - 2*d. What are the prime factors of h?
3, 7
Suppose 0*t + t = -8. What are the prime factors of t/6*(-3)/2?
2
Suppose -13*f + 2028 + 2093 = 0. List the prime factors of f.
317
Let q(k) = k**3 + 9*k**2 - 9*k + 13. Let l be q(-10). Let u = l - -1. Suppose u*i + i = 30. List the prime factors of i.
2, 3
Let r = -17 + -7. Let x = -5 - r. Suppose -4 = 3*s - x. What are the prime factors of s?
5
Let c(h) = h. What are the prime factors of c(5)?
5
Suppose v = -v + 66. What are the prime factors of v?
3, 11
Suppose -3*s + b + 13 = s, 0 = 3*s - 2*b - 16. What are the prime factors of s?
2
Suppose q + 160 = -4*q. Let r = q + 45. Suppose -3*n = -5*i - r, 5*n - 3*i = -i + 47. What are the prime factors of n?
11
Suppose 3*m + 256 = 7*m. Suppose 131 = 5*z - m. List the prime factors of z.
3, 13
What are the prime factors of (-1645)/(-30)*3 + (-3)/(-2)?
2, 83
Let j = -5 + 8. Suppose -2*k + j*k = 25. List the prime factors of k.
5
Let a(y) = -y**3 - 9*y**2 + y + 9. Let s = -8 + -1. Let n be a(s). Suppose -3*u = -3*o + 42, -2*o - 2*u + 12 = -n*u. What are the prime factors of o?
2, 5
Suppose -5*q + q + 52 = 0. Let d = 28 - q. List the prime factors of d.
3, 5
Suppose -2*i - 225 = -o - 3, -894 = -4*o + 5*i. List the prime factors of o.
2, 113
Let g(h) = -3 - 3*h + 2*h**2 - h**2 + 0*h**2. List the prime factors of g(-4).
5
Suppose -4*b + 22 = -210. List the prime factors of b.
2, 29
Suppose 0 = 5*n - 85 - 15. Suppose h = -o + 4, 0 = 5*o - 0*o - h - n. What are the prime factors of o?
2
Let m(c) = -c**3 + 8*c**2 + 2*c + 10. Let z be m(8). List the prime factors of -2 + 3/6*z.
11
Suppose -3*u + 13 = 4. Let a be (-4)/u*(-492)/8. Suppose 2*c + 2*r = 20, a = c + 4*c - 3*r. List the prime factors of c.
2, 7
Let y = -11 - -8. Let j be (y/(-2))/((-1)/(-2)). Suppose 2*f + k = 16, -j*k = 5*f - 2*k - 43. What are the prime factors of f?
3
Let y(l) = l. Let c be y(5). Suppose c*a + 3 = -2. Let t(x) = 8*x**2. What are the prime factors of t(a)?
2
Let r = 22 - 12. Suppose w - 2*w + r = 0. What are the prime factors of w?
2, 5
Suppose -22 = -2*v + 3*m, 0*v + 5*m - 66 = -4*v. List the prime factors of v.
2, 7
Let p = -2 + 5. Suppose -p*c + 5*t + 46 = c, 4*c - 32 = -2*t. What are the prime factors of c?
3
Suppose -5*t = -2*t - 3. Let z = t - -31. List the prime factors of z.
2
Let u(c) = -c**2 + 4*c - 4. Let i be u(4). Let l = -3 - i. What are the prime factors of 3 + l + -1 + 2?
5
Let j be 4/10*(18 + 2). What are the prime factors of j/6*(-117)/(-6)?
2, 13
Suppose -5*z + 0*a = 4*a - 115, 3*z - 69 = -5*a. Suppose -2*h = -5 + z. Let s = h - -11. What are the prime factors of s?
2
Let z be (-6)/(-21) + 66/14. Suppose -z*j + 4*f = -70, -4*j = -4*f - 85 + 29. What are the prime factors of j?
2, 7
Let q(s) = s. Let b(j) = -5*j - 1. Let x(d) = -b(d) + 4*q(d). What are the prime factors of x(1)?
2, 5
Let w be -3 + (3 - 0) - -31. Let j = w + -16. List the prime factors of j.
3, 5
Suppose 0*j + 5*g = -3*j - 31, 2*j = -3*g - 20. Let o = -2 - j. What are the prime factors of o?
5
Let d be 5 - 2 - (-4 + 25). Let m = d + 28. List the prime factors of m.
2, 5
Suppose 3*o + 13 = r, 0*o + 109 = 5*r - 4*o. Suppose 5*s - 10 = r. List the prime factors of s.
7
Suppose -108 + 658 = 5*x. What are the prime factors of x?
2, 5, 11
Let z(h) = -3*h**2 + 81*h + 4. What are the prime factors of z(20)?
2, 53
Suppose -3*q - 156 = -4*w, -5*q + 29 + 131 = 5*w. Suppose u + 13 = w. List the prime factors of u.
23
What are the prime factors of (-1764)/(-20) - 6 - (-1)/(-5)?
2, 41
Suppose 174 = 2*k - 160. What are the prime factors of k?
167
Suppose -4*j - j + 22 = d, 5*d = -3*j + 22. Suppose -d*f - 1 = 3, 2*k - 14 = 5*f. List the prime factors of k.
2
Let i be (-1)/(-1 + 24/25). Let v(x) = x**2 - 3*x - 2. Let b be v(4). Suppose -3*t + c = -i, -b*c = -7*c + 25. List the prime factors of t.
2, 5
Let c(j) = j**3 - 7*j**2 + 2*j - 3. Let h be 10/(-55) + 79/11. What are the prime factors of c(h)?
11
Suppose 2*o = -4*w - 36 + 220, 2*o - 172 = 2*w. What are the prime factors of o?
2, 11
Suppose -3*k - 2*k + 278 = 4*n, -k - 3*n = -60. What are the prime factors of k?
2, 3
Suppose 0 = -2*m + 82 + 246. List the prime factors of m.
2, 41
Let n be 20/6 + (-2)/(-3). Suppose -x = -n*x + 39. What are the prime factors of x?
13
Let g = 12 + 13. What are the prime factors of g?
5
Suppose 0 = -b + 5 - 0. Suppose -5*g + 10 = -10, -4*y + b*g + 32 = 0. What are the prime factors of y?
13
Let l(x) = x**3 - 16*x**2 + 17*x + 19. Let a be l(15). Suppose 0 = n + 14 - a. What are the prime factors of n?
5, 7
Let b(z) = -3*z**3 - 2*z**2 - 2*z - 6. List the prime factors of b(-2).
2, 7
Suppose 0 = 4*h - 7 - 9. Suppose -k - 67 = -h*a + 4*k, -21 = -a - 3*k. List the prime factors of a.
2, 3
Suppose -t = 5*p + 8, t + 3 + 17 = -p. Suppose 3*j + 7*q = 2*q - 8, j - 2*q = -21. Let k = j - t. List the prime factors of k.
2, 3
Let x(d) be the first derivative of d**2/2 - 2*d + 1. Let v be x(-2). What are the prime factors of (-22)/v + (-1)/(-2)?
2, 3
Let x be (-354)/(-18) - (-1)/3. Suppose n - 3*n = -x. What are the prime factors of n?
2, 5
Suppose s - 70 = -i, -3*i + 177 + 21 = -3*s. List the prime factors of i.
2, 17
Let j = 161 - 92. What are the prime factors of j?
3, 23
Suppose -5*g + 4*q + 15 = -q, -3*g = 4*q - 23. Let j = -2 + g. Suppose 6*u - j*u = 27. List the prime factors of u.
3
Let a(h) = -h**3 - 3*h**2 - 3*h. List the prime factors of a(-2).
2
Suppose -7*l + 40 = -5*l. List the prime factors of l.
2, 5
Suppose -2*r - 3*r + 130 = 0. Suppose -r + 9 = -f. Suppose 5*l - f = 13. List the prime factors of l.
2, 3
Let x = -29 + 64. Suppose h + 5 - 2 = d, 0 = 5*h + 5*d - x. Suppose -v - h*v = -24. What are the prime factors of v?
2
Let p = 0 - -29. List the prime factors of p.
29
Let s(f) be the third derivative of 1/6*f**4 + 0*f - f**2 + 1/60*f**5 - 1/3*f**3 + 0. List the prime factors of s(-5).
3
Suppose 14 = f + 3*t - 17, -5*f = 5*t - 165. What are the prime factors of f?
2, 17
Let k(g) = -6*g**2 - 2*g - 3. Let m(p) = -p**2. Let q(r) = -k(r) + 5*m(r). List the prime factors of q(-2).
3
Let d(w) = w**3 - 5*w**2 - 3*w + 4. Let a(p) = 6*p**2. Let x be a(-1). List the prime factors of d(x).
2, 11
Suppose -l + 33 = s, l = 8*s - 3*s + 45. List the prime factors of l.
5, 7
Suppose 30 = -2*k + 3*k. List the prime factors of k.
2, 3, 5
Suppose -5*i - 3*z = -8, 0*z = 2*i + 3*z + 4. What are the prime factors of i?
2
Suppose 4*u - 37 = -5*d, 5*u - 5*d + 3 = -7. Suppose 0 = -4*j - 6 - 2, -5*j - 7 = u*a. Let n(v) = 2*v**3 - v**2 + v. List the prime factors of n(a).
2
Let r(n) be the first derivative of -1/4*n**4 + 1 + 7*n - 3*n**3 - 4*n**2. List the prime factors of r(-8).
7
Suppose 4*y = -x + 127, 3*y - 28 = -4*x + 64. List the prime factors of y.
2
Let k(g) = -g**2 - 8*g + 2. Let j(i